{"version":"1.0","provider_name":"Estrat\u00e9gia Concursos","provider_url":"https:\/\/www.estrategiaconcursos.com.br\/blog","title":"Informativo STF 1197 Comentado","type":"rich","width":600,"height":338,"html":"<blockquote class=\"wp-embedded-content\" data-secret=\"cYWcuORxyB\"><a href=\"https:\/\/www.estrategiaconcursos.com.br\/blog\/informativo-stf-1197-comentado\/\">Informativo STF 1197 Comentado<\/a><\/blockquote><iframe sandbox=\"allow-scripts\" security=\"restricted\" src=\"https:\/\/www.estrategiaconcursos.com.br\/blog\/informativo-stf-1197-comentado\/embed\/#?secret=cYWcuORxyB\" width=\"600\" height=\"338\" title=\"&#8220;Informativo STF 1197 Comentado&#8221; &#8212; Estrat\u00e9gia Concursos\" data-secret=\"cYWcuORxyB\" frameborder=\"0\" marginwidth=\"0\" marginheight=\"0\" scrolling=\"no\" class=\"wp-embedded-content\"><\/iframe><script type=\"text\/javascript\">\n\/* <![CDATA[ *\/\n\/*! This file is auto-generated *\/\n!function(d,l){\"use strict\";l.querySelector&&d.addEventListener&&\"undefined\"!=typeof URL&&(d.wp=d.wp||{},d.wp.receiveEmbedMessage||(d.wp.receiveEmbedMessage=function(e){var t=e.data;if((t||t.secret||t.message||t.value)&&!\/[^a-zA-Z0-9]\/.test(t.secret)){for(var s,r,n,a=l.querySelectorAll('iframe[data-secret=\"'+t.secret+'\"]'),o=l.querySelectorAll('blockquote[data-secret=\"'+t.secret+'\"]'),c=new RegExp(\"^https?:$\",\"i\"),i=0;i<o.length;i++)o[i].style.display=\"none\";for(i=0;i<a.length;i++)s=a[i],e.source===s.contentWindow&&(s.removeAttribute(\"style\"),\"height\"===t.message?(1e3<(r=parseInt(t.value,10))?r=1e3:~~r<200&&(r=200),s.height=r):\"link\"===t.message&&(r=new URL(s.getAttribute(\"src\")),n=new URL(t.value),c.test(n.protocol))&&n.host===r.host&&l.activeElement===s&&(d.top.location.href=t.value))}},d.addEventListener(\"message\",d.wp.receiveEmbedMessage,!1),l.addEventListener(\"DOMContentLoaded\",function(){for(var e,t,s=l.querySelectorAll(\"iframe.wp-embedded-content\"),r=0;r<s.length;r++)(t=(e=s[r]).getAttribute(\"data-secret\"))||(t=Math.random().toString(36).substring(2,12),e.src+=\"#?secret=\"+t,e.setAttribute(\"data-secret\",t)),e.contentWindow.postMessage({message:\"ready\",secret:t},\"*\")},!1)))}(window,document);\n\/\/# sourceURL=https:\/\/www.estrategiaconcursos.com.br\/blog\/wp-includes\/js\/wp-embed.min.js\n\/* ]]> *\/\n<\/script>\n","description":"DOWNLOAD do PDF 1.&nbsp;&nbsp;&nbsp;&nbsp;&nbsp;&nbsp;&nbsp;&nbsp;&nbsp; Responsabilidade civil do Estado em manifesta\u00e7\u00e3o Destaque \u00c9 objetiva a responsabilidade do Estado por danos diretamente causados por policiais durante manifesta\u00e7\u00e3o, cabendo ao ente p\u00fablico comprovar eventual excludente. N\u00e3o se presume culpa exclusiva da v\u00edtima pelo simples fato de ela estar presente no protesto. RE 1.467.145\/PR, Rel. Min. Fl\u00e1vio Dino, Plen\u00e1rio, [&hellip;]"}

Estratégia Concursos

<blockquote class="wp-embedded-content" data-secret="cYWcuORxyB"><a href="https://www.estrategiaconcursos.com.br/blog/informativo-stf-1197-comentado/">Informativo STF 1197 Comentado</a></blockquote><iframe sandbox="allow-scripts" security="restricted" src="https://www.estrategiaconcursos.com.br/blog/informativo-stf-1197-comentado/embed/#?secret=cYWcuORxyB" width="600" height="338" title="&#8220;Informativo STF 1197 Comentado&#8221; &#8212; Estratégia Concursos" data-secret="cYWcuORxyB" frameborder="0" marginwidth="0" marginheight="0" scrolling="no" class="wp-embedded-content"></iframe><script type="text/javascript">
/* <![CDATA[ */
/*! This file is auto-generated */
!function(d,l){"use strict";l.querySelector&&d.addEventListener&&"undefined"!=typeof URL&&(d.wp=d.wp||{},d.wp.receiveEmbedMessage||(d.wp.receiveEmbedMessage=function(e){var t=e.data;if((t||t.secret||t.message||t.value)&&!/[^a-zA-Z0-9]/.test(t.secret)){for(var s,r,n,a=l.querySelectorAll('iframe[data-secret="'+t.secret+'"]'),o=l.querySelectorAll('blockquote[data-secret="'+t.secret+'"]'),c=new RegExp("^https?:$","i"),i=0;i<o.length;i++)o[i].style.display="none";for(i=0;i<a.length;i++)s=a[i],e.source===s.contentWindow&&(s.removeAttribute("style"),"height"===t.message?(1e3<(r=parseInt(t.value,10))?r=1e3:~~r<200&&(r=200),s.height=r):"link"===t.message&&(r=new URL(s.getAttribute("src")),n=new URL(t.value),c.test(n.protocol))&&n.host===r.host&&l.activeElement===s&&(d.top.location.href=t.value))}},d.addEventListener("message",d.wp.receiveEmbedMessage,!1),l.addEventListener("DOMContentLoaded",function(){for(var e,t,s=l.querySelectorAll("iframe.wp-embedded-content"),r=0;r<s.length;r++)(t=(e=s[r]).getAttribute("data-secret"))||(t=Math.random().toString(36).substring(2,12),e.src+="#?secret="+t,e.setAttribute("data-secret",t)),e.contentWindow.postMessage({message:"ready",secret:t},"*")},!1)))}(window,document);
//# sourceURL=https://www.estrategiaconcursos.com.br/blog/wp-includes/js/wp-embed.min.js
/* ]]> */
</script>

DOWNLOAD do PDF 1.&nbsp;&nbsp;&nbsp;&nbsp;&nbsp;&nbsp;&nbsp;&nbsp;&nbsp; Responsabilidade civil do Estado em manifestação Destaque É objetiva a responsabilidade do Estado por danos diretamente causados por policiais durante manifestação, cabendo ao ente público comprovar eventual excludente. Não se presume culpa exclusiva da vítima pelo simples fato de ela estar presente no protesto. RE 1.467.145/PR, Rel. Min. Flávio Dino, Plenário, [&hellip;]
