{"version":"1.0","provider_name":"Estrat\u00e9gia Concursos","provider_url":"https:\/\/www.estrategiaconcursos.com.br\/blog","title":"Data das provas do concurso de Itaja\u00ed \u00e9 adiada para fevereiro","type":"rich","width":600,"height":338,"html":"<blockquote class=\"wp-embedded-content\" data-secret=\"u5Wx0y3Oz5\"><a href=\"https:\/\/www.estrategiaconcursos.com.br\/blog\/concurso-itajai-provas-adiadas\/\">Data das provas do concurso de Itaja\u00ed \u00e9 adiada para fevereiro<\/a><\/blockquote><iframe sandbox=\"allow-scripts\" security=\"restricted\" src=\"https:\/\/www.estrategiaconcursos.com.br\/blog\/concurso-itajai-provas-adiadas\/embed\/#?secret=u5Wx0y3Oz5\" width=\"600\" height=\"338\" title=\"&#8220;Data das provas do concurso de Itaja\u00ed \u00e9 adiada para fevereiro&#8221; &#8212; Estrat\u00e9gia Concursos\" data-secret=\"u5Wx0y3Oz5\" frameborder=\"0\" marginwidth=\"0\" marginheight=\"0\" scrolling=\"no\" class=\"wp-embedded-content\"><\/iframe><script type=\"text\/javascript\">\n\/* <![CDATA[ *\/\n\/*! This file is auto-generated *\/\n!function(d,l){\"use strict\";l.querySelector&&d.addEventListener&&\"undefined\"!=typeof URL&&(d.wp=d.wp||{},d.wp.receiveEmbedMessage||(d.wp.receiveEmbedMessage=function(e){var t=e.data;if((t||t.secret||t.message||t.value)&&!\/[^a-zA-Z0-9]\/.test(t.secret)){for(var s,r,n,a=l.querySelectorAll('iframe[data-secret=\"'+t.secret+'\"]'),o=l.querySelectorAll('blockquote[data-secret=\"'+t.secret+'\"]'),c=new RegExp(\"^https?:$\",\"i\"),i=0;i<o.length;i++)o[i].style.display=\"none\";for(i=0;i<a.length;i++)s=a[i],e.source===s.contentWindow&&(s.removeAttribute(\"style\"),\"height\"===t.message?(1e3<(r=parseInt(t.value,10))?r=1e3:~~r<200&&(r=200),s.height=r):\"link\"===t.message&&(r=new URL(s.getAttribute(\"src\")),n=new URL(t.value),c.test(n.protocol))&&n.host===r.host&&l.activeElement===s&&(d.top.location.href=t.value))}},d.addEventListener(\"message\",d.wp.receiveEmbedMessage,!1),l.addEventListener(\"DOMContentLoaded\",function(){for(var e,t,s=l.querySelectorAll(\"iframe.wp-embedded-content\"),r=0;r<s.length;r++)(t=(e=s[r]).getAttribute(\"data-secret\"))||(t=Math.random().toString(36).substring(2,12),e.src+=\"#?secret=\"+t,e.setAttribute(\"data-secret\",t)),e.contentWindow.postMessage({message:\"ready\",secret:t},\"*\")},!1)))}(window,document);\n\/\/# sourceURL=https:\/\/www.estrategiaconcursos.com.br\/blog\/wp-includes\/js\/wp-embed.min.js\n\/* ]]> *\/\n<\/script>\n","thumbnail_url":"https:\/\/dhg1h5j42swfq.cloudfront.net\/2019\/12\/02130551\/concurso-prefeitura-itajai.jpg","thumbnail_width":400,"thumbnail_height":210,"description":"O concurso p\u00fablico da Prefeitura Municipal de Itaja\u00ed sofreu uma importante altera\u00e7\u00e3o em seu cronograma. As provas objetivas, que estavam previstas para acontecer em 19 de janeiro, pr\u00f3ximo domingo, foram adiadas para o dia 16 de fevereiro. A informa\u00e7\u00e3o foi divulgada no site da Funda\u00e7\u00e3o de Estudos e Pesquisa Socioecon\u00f4micos \u2013 FEPESE, banca organizadora. Segundo [&hellip;]"}

Estratégia Concursos

Data das provas do concurso de Itajaí é adiada para fevereiro

<blockquote class="wp-embedded-content" data-secret="u5Wx0y3Oz5"><a href="https://www.estrategiaconcursos.com.br/blog/concurso-itajai-provas-adiadas/">Data das provas do concurso de Itajaí é adiada para fevereiro</a></blockquote><iframe sandbox="allow-scripts" security="restricted" src="https://www.estrategiaconcursos.com.br/blog/concurso-itajai-provas-adiadas/embed/#?secret=u5Wx0y3Oz5" width="600" height="338" title="&#8220;Data das provas do concurso de Itajaí é adiada para fevereiro&#8221; &#8212; Estratégia Concursos" data-secret="u5Wx0y3Oz5" frameborder="0" marginwidth="0" marginheight="0" scrolling="no" class="wp-embedded-content"></iframe><script type="text/javascript">
/* <![CDATA[ */
/*! This file is auto-generated */
!function(d,l){"use strict";l.querySelector&&d.addEventListener&&"undefined"!=typeof URL&&(d.wp=d.wp||{},d.wp.receiveEmbedMessage||(d.wp.receiveEmbedMessage=function(e){var t=e.data;if((t||t.secret||t.message||t.value)&&!/[^a-zA-Z0-9]/.test(t.secret)){for(var s,r,n,a=l.querySelectorAll('iframe[data-secret="'+t.secret+'"]'),o=l.querySelectorAll('blockquote[data-secret="'+t.secret+'"]'),c=new RegExp("^https?:$","i"),i=0;i<o.length;i++)o[i].style.display="none";for(i=0;i<a.length;i++)s=a[i],e.source===s.contentWindow&&(s.removeAttribute("style"),"height"===t.message?(1e3<(r=parseInt(t.value,10))?r=1e3:~~r<200&&(r=200),s.height=r):"link"===t.message&&(r=new URL(s.getAttribute("src")),n=new URL(t.value),c.test(n.protocol))&&n.host===r.host&&l.activeElement===s&&(d.top.location.href=t.value))}},d.addEventListener("message",d.wp.receiveEmbedMessage,!1),l.addEventListener("DOMContentLoaded",function(){for(var e,t,s=l.querySelectorAll("iframe.wp-embedded-content"),r=0;r<s.length;r++)(t=(e=s[r]).getAttribute("data-secret"))||(t=Math.random().toString(36).substring(2,12),e.src+="#?secret="+t,e.setAttribute("data-secret",t)),e.contentWindow.postMessage({message:"ready",secret:t},"*")},!1)))}(window,document);
//# sourceURL=https://www.estrategiaconcursos.com.br/blog/wp-includes/js/wp-embed.min.js
/* ]]> */
</script>

O concurso público da Prefeitura Municipal de Itajaí sofreu uma importante alteração em seu cronograma. As provas objetivas, que estavam previstas para acontecer em 19 de janeiro, próximo domingo, foram adiadas para o dia 16 de fevereiro. A informação foi divulgada no site da Fundação de Estudos e Pesquisa Socioeconômicos – FEPESE, banca organizadora. Segundo [&hellip;]
